q = 0. Is i composite?
True
Suppose 36*z + 100 = 41*z. Let y = 25 - z. Suppose 2*n - 6*n = 2*h - 536, y*n - 4*h = 657. Is n a prime number?
False
Suppose 247619 = -11*b - 7031. Let s = 47743 + b. Is s a composite number?
False
Is 12021 - 5 - 14 - -9 a composite number?
False
Let u = 12063 - -80860. Is u a prime number?
False
Let y(a) = 17878*a**2 + 1100*a - 7. Is y(-5) a composite number?
False
Let n = -74028 - -161131. Is n a composite number?
False
Let i(b) = -4*b - 7. Let o be i(-3). Suppose -2*r - n - 12 = 0, -2*n + 8 = r - o*r. Let k(a) = 17*a**2 - 11*a - 9. Is k(r) a prime number?
True
Is (20 + -22)*132029/(-2) composite?
True
Suppose 16*q + 18 - 2 = 0. Is (q + 4)/((-24)/(-3208)) a composite number?
False
Suppose 5*w - 1635950 = 3*v, -4*w = -2*v - 726858 - 581904. Is w a composite number?
False
Let k = 450323 - 79404. Is k composite?
False
Let g(f) = 9082*f**2 + 6*f + 7. Is g(3) a prime number?
False
Let a(v) = -261*v + 991. Is a(-22) composite?
False
Let t = 768023 + -459968. Suppose t = -42*b + 57*b. Is b a composite number?
True
Let c = -16 + 23. Suppose 2*f = 3 + c. Suppose 1182 = f*p - 1783. Is p composite?
False
Let n(z) = 4*z**2 + 7*z - 3. Suppose -4*b = 4*g - 12, -3*b + 5 = -5*g + 4*g. Suppose -j + b = 2*u - 4*j, -u + 2*j = 0. Is n(u) composite?
False
Is (14833 - -8) + (-14)/(-7) a prime number?
True
Let h = -22 + 22. Suppose 1085 = u - 5*q + 299, -u - 3*q + 786 = h. Suppose 5*s = 5 + 10, -u = -t + s. Is t a composite number?
True
Let h = -2543 - -304030. Is h composite?
False
Suppose 0 = -3*i + 3, -4*g + 0*i + 52 = 4*i. Suppose -20 + g = -2*b. Suppose -v - 2328 = b*z - 8954, -2*z + 5*v = -3324. Is z a prime number?
True
Let d be (-151 - -11)/((-4)/(-98)). Suppose 0 = 3*t - 3*m + 5382 + 10635, -3*t + m - 16025 = 0. Let l = d - t. Is l a prime number?
True
Suppose -v - 3*g + 21 = 0, -v + 4*g = v - 12. Let k be (1196/v)/((-1)/3). Let f = k - -750. Is f a composite number?
True
Suppose 13*h - 37345 = 2*h. Let q = -16 + 18. Suppose q*p = 9*p - h. Is p a composite number?
True
Let w be 4*(-165272)/(-48)*(-18)/(-4). Suppose 77461 = 5*h + 5*d - d, -4*h + 5*d = -w. Is h a composite number?
False
Is -2273*(-28 - 42/14) composite?
True
Let m be (1 - -27)*(-7)/(-4)*-29. Let y = 2050 + m. Suppose -y - 458 = -a - 5*j, -2*a + 2154 = 5*j. Is a a composite number?
True
Let l(q) = -226352*q + 302. Is l(-1) prime?
False
Suppose -9*x - x + 110 = 0. Let q(g) = 15*g**2 + 4*g - 22. Is q(x) a prime number?
False
Suppose -p = 3*h + 3, -p - h + 0 + 1 = 0. Let g(j) = 5*j - 12. Let w be g(p). Is w - -156 - (1 - 1) - 2 a prime number?
True
Let v(h) = -192*h - 100. Let l be v(-3). Suppose 2*s = -0*s. Suppose -3*x + 7*x - l = s. Is x a composite number?
True
Suppose -44*r + 66 = -55*r. Let k(n) = -13*n**3 - 7*n**2 - 19*n + 1. Is k(r) composite?
False
Let o(h) be the third derivative of h**5/30 - 47*h**4/24 + 55*h**3/6 + 119*h**2 - h. Is o(-42) a prime number?
True
Let z(j) = 4706*j**2 + 505*j - 5376. Is z(11) a composite number?
True
Let a = 21821 - 11239. Let u = a - 4803. Is u a prime number?
True
Let q = 4913 - -6188. Is q composite?
True
Let t = 9940 - 4343. Is t prime?
False
Suppose 4*c = -3*w + 8, 0 = -3*c - 5 + 11. Let r be 1/(3 + -4) + w + 1085. Let k = -563 + r. Is k a composite number?
False
Let p(g) = 812*g**3 - g**2 + 37. Let h be p(5). Is h/(-6)*18/(-24) prime?
True
Let s be (-2)/19 + (-2)/76*-4. Suppose 4*f = -7*c + 12*c - 17047, 5*f + 15 = s. Is c a composite number?
False
Suppose 4629 - 1523 = 2*d. Suppose 5*y - 1989 = 541. Suppose 3*l - d = 2*h, -l + 4*h = h - y. Is l composite?
False
Is 7/(-35)*-71*(-4905)/(-9) composite?
True
Suppose 0 = -2*o - 4*c + 36942, 2*o + 2*c = -o + 55397. Is o a prime number?
False
Let o be 37617 - (0 + -5 + -3). Suppose 6*b - 5*b = -4*c + o, 0 = 5*c + 25. Is b composite?
True
Let b(i) = 16109*i**2 + 4*i + 6. Is b(-1) a prime number?
True
Let d(p) = 35*p**3 + 14*p**2 + 201*p + 133. Is d(19) composite?
True
Let j(h) = 54*h**2 + 5*h - 5. Let g be j(1). Suppose g*y - 50*y = -24. Let l(o) = -200*o - 43. Is l(y) a composite number?
True
Let h be (-1243)/11 - (1 + -1). Let p = -111 - h. Suppose 5*r - 6*r = -2*k + 8391, -p*k + 4*r + 8406 = 0. Is k a prime number?
False
Suppose k - 75*z = -70*z + 678956, 0 = -k + 4*z + 678957. Is k prime?
False
Let m(i) = -3*i**2 - 20*i - 24. Let s be 20/6*18/(-6). Let c be m(s). Let f = 67 - c. Is f a prime number?
True
Let v be (2*2346/24)/((-6)/(-276)). Let w = v + -1756. Is w a prime number?
True
Let r(w) = 5*w**3 + 4*w**2 + 6*w - 9. Let t(v) = -11*v**3 - 8*v**2 - 13*v + 18. Let g(n) = -13*r(n) - 6*t(n). Is g(5) a composite number?
True
Let l(g) = -5*g - 137*g + 10*g - 17. Is l(-8) composite?
False
Suppose 3*u - 1108288 = -2*b + 159442, b = u + 633885. Is b prime?
True
Let m be -2*((-14)/12 - 2/(-12)). Suppose -2*y - m*t + 21 = -125, 3*t + 341 = 5*y. Let h = y + 109. Is h a prime number?
True
Let g be 756418/39 + 2/3. Suppose -17*z = -83981 - g. Is z a prime number?
False
Let f = 5315 + 2136. Is f composite?
False
Let t = 74440 + -48579. Suppose 5*u = t + 31454. Is u a prime number?
False
Let c be 22/(15/((-536220)/(-8))). Suppose -c = -37*w - 1108. Is w composite?
True
Suppose -4*u - 12 = -4*r, r + 2*u + 27 = 6*r. Suppose -r*a + 10016 = -5251. Is a a composite number?
True
Suppose 5156574 + 307410 = 35*x + 13*x. Is x a prime number?
False
Let n = 51 + -51. Suppose n = 10*p - 6*p + 53484. Let b = -3704 - p. Is b a composite number?
True
Suppose -4*z + v = -1392311, -3*z = 60*v - 49*v - 1044292. Is z a composite number?
True
Is 2/10 - (193808/(-10) + 8) prime?
True
Let c(a) = -a**2 + 7*a + 21. Let i be c(9). Suppose -5*g - 6 = i*k + 9, 2*k - 5*g + 10 = 0. Is 1533/5 - 2/k prime?
True
Let n = 277952 - 27861. Is n a prime number?
True
Let l = 88 + -86. Is (3/(-9))/(l/(-4254)) a composite number?
False
Suppose -3*d + 6 = 0, 4*d - 13 = -f + 2*d. Suppose 0 = 4*l - f*l + 15. Suppose 4*m = l*q - 914, -4*q - 4*m - 284 + 1484 = 0. Is q prime?
False
Suppose 448*l - 6597339 = 427*l. Is l a composite number?
False
Suppose 4*i = 3*j - 9, -j + i = -2*i - 3. Let m(d) = -1 + 2*d + 3 - 3*d**2 + 3*d**2 - d**2 - 1406*d**j. Is m(-1) composite?
True
Suppose 25848 = 3*t + 3*k, -966*t - 3*k - 25878 = -969*t. Is t a composite number?
True
Suppose -c + 12*c = 205810. Suppose -17*m + c = -15*m. Is m a prime number?
False
Let d = 813 + -811. Suppose -d*t + 89072 = -13046. Is t a composite number?
False
Let y = -32927 + 274880. Is y a prime number?
False
Let k = -80 + -392. Let o = 115 - k. Is o a prime number?
True
Is ((-2)/(-3))/(-23 + (-310505875)/(-13500255)) prime?
False
Is (9595194/(-252))/((-2)/12) a prime number?
True
Is (-5*(-5)/50)/((-4)/((-1418056)/1)) a composite number?
False
Suppose -k + b = -7668, 5*k - 9*b = -11*b + 38361. Suppose -c - c + k = -5*i, 5*c = -3*i + 19162. Is c a composite number?
False
Let z be 3 - 7 - 22/(-2). Suppose 2*p + z = 25. Is 3554*(-1)/(-8) - p/(-12) a composite number?
True
Let z = 1185 - 583. Let j = z - -970. Suppose 5*a + 2*g = -g + 1965, 0 = 4*a - g - j. Is a a prime number?
False
Let r(n) = -37*n**2 + 36*n**2 + 2*n**3 + 2*n + 0*n. Let l be r(0). Suppose -d + 891 + 266 = l. Is d a prime number?
False
Let r(m) be the third derivative of m**4/24 - 5*m**3/3 + 12*m**2. Let z be r(10). Suppose 10*b - 5*b - 1955 = z. Is b composite?
True
Suppose 2*q - b = 121998, b + 183023 = 3*q + 6*b. Is q composite?
False
Let x be 13/4 + (-7)/28. Suppose 2*w - 2469 = -r, 8*r + x*w + 4903 = 10*r. Is r composite?
False
Suppose -30 = -5*m, -4*y - 59*m + 55*m = -110956. Is y a prime number?
True
Let b(g) = 18344*g**2 + 60*g + 333. Is b(-5) composite?
True
Suppose s - 6*w - 6 = -3*w, 3*s - 4*w - 18 = 0. Suppose -c - 1908 = -2*r, 0 = -r + 5*c - s*c + 951. Is r a composite number?
False
Let r be (76 + 2)*(-440)/(-5). Suppose r = 2*a + 4*u, -4*u - 15 = u. Suppose -29*g + 35*g = a. Is g composite?
True
Let u = 33 - 120. Suppose 4*m + 220 = -404. Let f = u - m. Is f a prime number?
False
Let w(u) = 6*u**2 + 2*u - 1. Suppose 4*r - 7 = -11. Let y be w(r). Suppose -m - s = y*s - 759, -4*s + 20 = 0. Is m composite?
False
Let i(h) = -53128*h - 627. Is i(-8) composite?
False
Suppose -3*q - 30*j + 32 = -26*j, 5*q = 2*j + 36. Suppose -q*a = 27*a - 36925. Is a a prime number?
False
Let i(j) = -22*j - 80.